{"id":34,"date":"2020-04-08T19:18:43","date_gmt":"2020-04-08T19:18:43","guid":{"rendered":"https:\/\/www.nhlavanderia.es\/?page_id=34"},"modified":"2023-05-10T09:39:43","modified_gmt":"2023-05-10T09:39:43","slug":"colibri-wp","status":"publish","type":"page","link":"https:\/\/www.nhlavanderia.es\/","title":{"rendered":"Front Page"},"content":{"rendered":"<div data-colibri-id=\"34-c1\" class=\"style-177 style-local-34-c1 position-relative\">\n  <!---->\n  <div data-colibri-component=\"section\" data-colibri-id=\"34-c2\" id=\"overlappable\" class=\"h-section h-section-global-spacing d-flex align-items-lg-center align-items-md-center align-items-center style-179 style-local-34-c2 position-relative\">\n    <!---->\n    <div class=\"h-separator\" style=\"height: 100px; top: calc(0px);\">\n      <svg style=\"fill:rgb(166, 220, 244);\" xmlns=\"http:\/\/www.w3.org\/2000\/svg\" viewBox=\"0 0 1000 100\" preserveAspectRatio=\"none\">\n        <g opacity=\"0.33\">\n          <path d=\"M385.42,52.92c-11.63,4.22-23.18,9-34.52,14.38-103.18,49-91.83-33.55-148.36-.49,50.13,17.35,121.87,64.84,270.46.49,11-4.7,64.52-25.43,118-41.8-4-.52-8.45-.95-13.41-1.28C507.83,41.64,455.4,71.84,385.42,52.92Z\" transform=\"translate(0 0)\" style=\"isolation:isolate\"><\/path>\n          <path d=\"M0,59.7S48.08,103,116.06,83.43C54.25,76.6,0,39.8,0,39.8Z\" transform=\"translate(0 0)\" style=\"isolation:isolate\"><\/path>\n          <path d=\"M916.4,48.1c-55.76,5.45-76.83,2-111.28-7.81-3.09,1.4-6.07,2.81-9,4.22,13.93,8.57,25.54,16.74,33.15,22.39,13,9.8,43,25.4,75.8,22.1S1000,59.7,1000,59.7V36.5s-6.87-4.5-21.48-9.06C966,36.56,946.56,45.15,916.4,48.1Z\" transform=\"translate(0 0)\" style=\"isolation:isolate\"><\/path>\n        <\/g>\n        <g opacity=\"0.66\">\n          <path d=\"M771.65,30.49,766.1,28.9c-55-15.81-99.84-18-138.66-13.76a368.79,368.79,0,0,0-49.81,9.08c5,.33,9.44.76,13.41,1.28a89.13,89.13,0,0,1,13.86,2.7C656.8,44.1,688.5,67.3,734,67.3c19.82,0,38-11.12,62.15-22.79,2.9-1.41,5.88-2.82,9-4.22C795.39,37.52,784.59,34.23,771.65,30.49Z\"\n            transform=\"translate(0 0)\"><\/path>\n          <path d=\"M371,48.4C242,1.8,242,5.4,184.8,20.6,128,35.8,132.3,44.9,89.9,52.5,28.6,63.7,0,0,0,0V39.8S54.25,76.6,116.06,83.43c28.46,3.15,58.53-.05,85.64-16.13l.84-.49c56.53-33.06,45.18,49.44,148.36.49,11.34-5.38,22.89-10.16,34.52-14.38Q378.34,51,371,48.4Z\"\n            transform=\"translate(0 0)\"><\/path>\n          <path d=\"M978.52,27.44C993.13,32,1000,36.5,1000,36.5V0S996.54,14.27,978.52,27.44Z\" transform=\"translate(0 0)\"><\/path>\n        <\/g>\n        <path d=\"M0,0S28.6,63.7,89.9,52.5c42.4-7.6,38.1-16.7,94.9-31.9C242,5.4,242,1.8,371,48.4q7.33,2.61,14.42,4.52c70,18.92,122.41-11.28,192.21-28.7a368.79,368.79,0,0,1,49.81-9.08c38.82-4.21,83.68-2.05,138.66,13.76l5.55,1.59c12.94,3.74,23.74,7,33.47,9.8,34.45,9.83,55.52,13.26,111.28,7.81,30.16-3,49.63-11.54,62.12-20.66C996.54,14.27,1000,0,1000,0Z\"\n          transform=\"translate(0 0)\"><\/path>\n      <\/svg>\n    <\/div>\n    <div class=\"h-section-grid-container h-section-boxed-container\">\n      <!---->\n      <div data-colibri-id=\"34-c3\" class=\"h-row-container gutters-row-lg-0 gutters-row-md-0 gutters-row-2 gutters-row-v-lg-0 gutters-row-v-md-0 gutters-row-v-2 style-180 style-local-34-c3 position-relative\">\n        <!---->\n        <div class=\"h-row justify-content-lg-center justify-content-md-center justify-content-center align-items-lg-stretch align-items-md-stretch align-items-stretch gutters-col-lg-0 gutters-col-md-0 gutters-col-2 gutters-col-v-lg-0 gutters-col-v-md-0 gutters-col-v-2\">\n          <!---->\n          <div class=\"h-column h-column-container d-flex h-col-lg-3 h-col-md-3 h-col-12 style-181-outer style-local-34-c4-outer\">\n            <div data-colibri-id=\"34-c4\" class=\"d-flex h-flex-basis h-column__inner h-px-lg-2 h-px-md-3 h-px-2 v-inner-lg-2 v-inner-md-3 v-inner-2 style-181 style-local-34-c4 position-relative\">\n              <!---->\n              <!---->\n              <div class=\"w-100 h-y-container h-column__content h-column__v-align flex-basis-100 align-self-lg-center align-self-md-center align-self-center\">\n                <!---->\n                <div data-colibri-id=\"34-c5\" class=\"h-icon style-182 style-local-34-c5 position-relative h-element\">\n                  <!----><span class=\"h-svg-icon h-icon__icon style-182-icon style-local-34-c5-icon\"><!--Icon by Font Awesome (https:\/\/fontawesome.com)--><svg version=\"1.1\" xmlns=\"http:\/\/www.w3.org\/2000\/svg\" xmlns:xlink=\"http:\/\/www.w3.org\/1999\/xlink\" id=\"tint\" viewBox=\"0 0 1058.2744 1896.0833\"><path d=\"M512 1152q0-36-20-69-1-1-15.5-22.5t-25.5-38-25-44-21-50.5q-4-16-21-16t-21 16q-7 23-21 50.5t-25 44-25.5 38T276 1083q-20 33-20 69 0 53 37.5 90.5T384 1280t90.5-37.5T512 1152zm512-128q0 212-150 362t-362 150-362-150T0 1024q0-145 81-275 6-9 62.5-90.5t101-151 99.5-178T427 128q9-30 34-47t51-17 51.5 17 33.5 47q28 93 83 201.5t99.5 178 101 151T943 749q81 127 81 275z\"><\/path><\/svg><\/span><\/div>\n                <div\n                  data-colibri-id=\"34-c6\" class=\"h-global-transition-all h-heading style-183 style-local-34-c6 position-relative h-element\">\n                  <!---->\n                  <div class=\"h-heading__outer style-183 style-local-34-c6\">\n                    <!---->\n                    <!---->\n                    <h5 class=\"\">Lavado Y secado de ropa&nbsp;<\/h5>\n                  <\/div>\n              <\/div>\n              <div data-colibri-id=\"34-c7\" class=\"h-text h-text-component style-184 style-local-34-c7 position-relative h-element\">\n                <!---->\n                <!---->\n                <div class=\"\">\n                  <p>Disponemos de lavadoras y secadoras para adaptarnos a tus necesidades\n                    <br>\n                    <br>\n                  <\/p>\n                <\/div>\n              <\/div>\n            <\/div>\n          <\/div>\n        <\/div>\n        <div class=\"h-column h-column-container d-flex h-col-lg-3 h-col-md-3 h-col-12 style-181-outer style-local-34-c8-outer\">\n          <div data-colibri-id=\"34-c8\" class=\"d-flex h-flex-basis h-column__inner h-px-lg-2 h-px-md-3 h-px-2 v-inner-lg-2 v-inner-md-3 v-inner-2 style-181 style-local-34-c8 position-relative\">\n            <!---->\n            <!---->\n            <div class=\"w-100 h-y-container h-column__content h-column__v-align flex-basis-100 align-self-lg-center align-self-md-center align-self-center\">\n              <!---->\n              <div data-colibri-id=\"34-c9\" class=\"h-icon style-182 style-local-34-c9 position-relative h-element\">\n                <!----><span class=\"h-svg-icon h-icon__icon style-182-icon style-local-34-c9-icon\"><!--Icon by Font Awesome (https:\/\/fontawesome.com)--><svg version=\"1.1\" xmlns=\"http:\/\/www.w3.org\/2000\/svg\" xmlns:xlink=\"http:\/\/www.w3.org\/1999\/xlink\" id=\"map-marker\" viewBox=\"0 0 1049.8953 1896.0833\"><path d=\"M768 640q0-106-75-181t-181-75-181 75-75 181 75 181 181 75 181-75 75-181zm256 0q0 109-33 179l-364 774q-16 33-47.5 52t-67.5 19-67.5-19-46.5-52L33 819Q0 749 0 640q0-212 150-362t362-150 362 150 150 362z\"><\/path><\/svg><\/span><\/div>\n              <div\n                data-colibri-id=\"34-c10\" class=\"h-global-transition-all h-heading style-183 style-local-34-c10 position-relative h-element\">\n                <!---->\n                <div class=\"h-heading__outer style-183 style-local-34-c10\">\n                  <!---->\n                  <!---->\n                  <h5 class=\"\">Ubicaci\u00f3n<\/h5>\n                <\/div>\n            <\/div>\n            <div data-colibri-id=\"34-c11\" class=\"h-text h-text-component style-184 style-local-34-c11 position-relative h-element\">\n              <!---->\n              <!---->\n              <div class=\"\">\n                <p><span style=\"color: rgb(34, 34, 34); font-family: Rubik, Tahoma, sans-serif; font-size: 16px; font-weight: 500;\">Estamos en pleno camino de Santiago<br><br>Trva. Iria Flavia, 131 &#8211; 15917 &#8211;&nbsp;<\/span><strong style=\"color: rgb(34, 34, 34); font-family: Rubik, Tahoma, sans-serif; font-size: 16px;\">Padr\u00f3n<\/strong>\n                  <span\n                    style=\"color: rgb(34, 34, 34); font-family: Rubik, Tahoma, sans-serif; font-size: 16px; font-weight: 500;\">&nbsp;(A Coru\u00f1a)<\/span>\n                <\/p>\n              <\/div>\n            <\/div>\n          <\/div>\n        <\/div>\n      <\/div>\n      <div class=\"h-column h-column-container d-flex h-col-lg-3 h-col-md-3 h-col-12 style-181-outer style-local-34-c12-outer\">\n        <div data-colibri-id=\"34-c12\" class=\"d-flex h-flex-basis h-column__inner h-px-lg-2 h-px-md-3 h-px-2 v-inner-lg-2 v-inner-md-3 v-inner-2 style-181 style-local-34-c12 position-relative\">\n          <!---->\n          <!---->\n          <div class=\"w-100 h-y-container h-column__content h-column__v-align flex-basis-100 align-self-lg-center align-self-md-center align-self-center\">\n            <!---->\n            <div data-colibri-id=\"34-c13\" class=\"h-icon style-182 style-local-34-c13 position-relative h-element\">\n              <!----><span class=\"h-svg-icon h-icon__icon style-182-icon style-local-34-c13-icon\"><!--Icon by Font Awesome (https:\/\/fontawesome.com)--><svg version=\"1.1\" xmlns=\"http:\/\/www.w3.org\/2000\/svg\" xmlns:xlink=\"http:\/\/www.w3.org\/1999\/xlink\" id=\"euro\" viewBox=\"0 0 1218.7993 1896.0833\"><path d=\"M976 1307l35 159q3 12-3 22.5t-17 14.5l-5 1q-4 2-10.5 3.5t-16 4.5-21.5 5.5-25.5 5-30 5-33.5 4.5-36.5 3-38.5 1q-234 0-409-130.5T127 1054H32q-13 0-22.5-9.5T0 1022V909q0-13 9.5-22.5T32 877h66q-2-57 1-105H32q-14 0-23-9t-9-23V626q0-14 9-23t23-9h98q67-210 243.5-338T774 128q102 0 194 23 11 3 20 15 6 11 3 24l-43 159q-3 13-14 19.5t-24 2.5l-4-1q-4-1-11.5-2.5L877 364l-22.5-3.5-26-3-29-2.5-29.5-1q-126 0-226 64T394 594h468q16 0 25 12 10 12 7 26l-24 114q-5 26-32 26H350q-3 37 0 105h459q15 0 25 12 9 12 6 27l-24 112q-2 11-11 18.5t-20 7.5H398q48 117 149.5 185.5T776 1308q18 0 36-1.5t33.5-3.5 29.5-4.5 24.5-5 18.5-4.5l12-3 5-2q13-5 26 2 12 7 15 21z\"><\/path><\/svg><\/span><\/div>\n            <div\n              data-colibri-id=\"34-c14\" class=\"h-global-transition-all h-heading style-183 style-local-34-c14 position-relative h-element\">\n              <!---->\n              <div class=\"h-heading__outer style-183 style-local-34-c14\">\n                <!---->\n                <!---->\n                <h5 class=\"\">Precio<\/h5>\n              <\/div>\n          <\/div>\n          <div data-colibri-id=\"34-c15\" class=\"h-text h-text-component style-184 style-local-34-c15 position-relative h-element\">\n            <!---->\n            <!---->\n            <div class=\"\">\n              <p>Desde tan s\u00f3lo 3\u20ac los 365 d\u00edas del a\u00f1o<\/p>\n              <p>1\u20ac <strong style=\"font-family: Rubik, Tahoma, sans-serif; color: rgb(34, 34, 34); font-size: 16px;\">menos<\/strong><span style=\"font-weight: 500; font-family: Rubik, Tahoma, sans-serif; color: rgb(34, 34, 34); font-size: 16px;\">&nbsp;<\/span>si\n                vienes de 08:00 a 10:00 AM&nbsp;<\/p>\n            <\/div>\n          <\/div>\n        <\/div>\n      <\/div>\n    <\/div>\n    <div class=\"h-column h-column-container d-flex h-col-lg-3 h-col-md-3 h-col-12 style-185-outer style-local-34-c16-outer\">\n      <div data-colibri-id=\"34-c16\" class=\"d-flex h-flex-basis h-column__inner h-px-lg-3 h-px-md-3 h-px-2 v-inner-lg-3 v-inner-md-3 v-inner-2 style-185 style-local-34-c16 position-relative\">\n        <!---->\n        <!---->\n        <div class=\"w-100 h-y-container h-column__content h-column__v-align flex-basis-100 align-self-lg-center align-self-md-center align-self-center\">\n          <!---->\n          <div data-colibri-id=\"34-c17\" class=\"h-icon style-182 style-local-34-c17 position-relative h-element\">\n            <!----><span class=\"h-svg-icon h-icon__icon style-182-icon style-local-34-c17-icon\"><!--Icon by Font Awesome (https:\/\/fontawesome.com)--><svg version=\"1.1\" xmlns=\"http:\/\/www.w3.org\/2000\/svg\" xmlns:xlink=\"http:\/\/www.w3.org\/1999\/xlink\" id=\"group\" viewBox=\"0 0 1920 1896.0833\"><path d=\"M593 896q-162 5-265 128H194q-82 0-138-40.5T0 865q0-353 124-353 6 0 43.5 21t97.5 42.5T384 597q67 0 133-23-5 37-5 66 0 139 81 256zm1071 637q0 120-73 189.5t-194 69.5H523q-121 0-194-69.5T256 1533q0-53 3.5-103.5t14-109T300 1212t43-97.5 62-81 85.5-53.5T602 960q10 0 43 21.5t73 48 107 48 135 21.5 135-21.5 107-48 73-48 43-21.5q61 0 111.5 20t85.5 53.5 62 81 43 97.5 26.5 108.5 14 109 3.5 103.5zM640 256q0 106-75 181t-181 75-181-75-75-181 75-181T384 0t181 75 75 181zm704 384q0 159-112.5 271.5T960 1024 688.5 911.5 576 640t112.5-271.5T960 256t271.5 112.5T1344 640zm576 225q0 78-56 118.5t-138 40.5h-134q-103-123-265-128 81-117 81-256 0-29-5-66 66 23 133 23 59 0 119-21.5t97.5-42.5 43.5-21q124 0 124 353zm-128-609q0 106-75 181t-181 75-181-75-75-181 75-181 181-75 181 75 75 181z\"><\/path><\/svg><\/span><\/div>\n          <div\n            data-colibri-id=\"34-c18\" class=\"h-global-transition-all h-heading style-183 style-local-34-c18 position-relative h-element\">\n            <!---->\n            <div class=\"h-heading__outer style-183 style-local-34-c18\">\n              <!---->\n              <!---->\n              <h5 class=\"\">Sobre nosotros<\/h5>\n            <\/div>\n        <\/div>\n        <div data-colibri-id=\"34-c19\" class=\"h-text h-text-component style-184 style-local-34-c19 position-relative h-element\">\n          <!---->\n          <!---->\n          <div class=\"\">\n            <p>Queremos ofrecerte un servicio r\u00e1pido, eficiente y de calidad<\/p>\n            <p>Contamos con un equipo experimentado y comprometido para garantizar tu satifacci\u00f3n<\/p>\n          <\/div>\n        <\/div>\n      <\/div>\n    <\/div>\n  <\/div>\n<\/div>\n<\/div>\n<\/div>\n<\/div>\n<\/div>","protected":false},"excerpt":{"rendered":"<p>Lavado Y secado de ropa&nbsp; Disponemos de lavadoras y secadoras para adaptarnos a tus necesidades Ubicaci\u00f3n Estamos en pleno camino de SantiagoTrva. Iria Flavia, 131 &#8211; 15917 &#8211;&nbsp;Padr\u00f3n &nbsp;(A Coru\u00f1a) Precio Desde tan s\u00f3lo 3\u20ac los 365 d\u00edas del a\u00f1o 1\u20ac menos&nbsp;si vienes de 08:00 a 10:00 AM&nbsp; Sobre nosotros Queremos ofrecerte un servicio r\u00e1pido, [&hellip;]<\/p>\n","protected":false},"author":2,"featured_media":0,"parent":0,"menu_order":0,"comment_status":"closed","ping_status":"closed","template":"page-templates\/homepage.php","meta":{"footnotes":""},"class_list":["post-34","page","type-page","status-publish","hentry"],"_links":{"self":[{"href":"https:\/\/www.nhlavanderia.es\/index.php?rest_route=\/wp\/v2\/pages\/34"}],"collection":[{"href":"https:\/\/www.nhlavanderia.es\/index.php?rest_route=\/wp\/v2\/pages"}],"about":[{"href":"https:\/\/www.nhlavanderia.es\/index.php?rest_route=\/wp\/v2\/types\/page"}],"author":[{"embeddable":true,"href":"https:\/\/www.nhlavanderia.es\/index.php?rest_route=\/wp\/v2\/users\/2"}],"replies":[{"embeddable":true,"href":"https:\/\/www.nhlavanderia.es\/index.php?rest_route=%2Fwp%2Fv2%2Fcomments&post=34"}],"version-history":[{"count":4,"href":"https:\/\/www.nhlavanderia.es\/index.php?rest_route=\/wp\/v2\/pages\/34\/revisions"}],"predecessor-version":[{"id":145,"href":"https:\/\/www.nhlavanderia.es\/index.php?rest_route=\/wp\/v2\/pages\/34\/revisions\/145"}],"wp:attachment":[{"href":"https:\/\/www.nhlavanderia.es\/index.php?rest_route=%2Fwp%2Fv2%2Fmedia&parent=34"}],"curies":[{"name":"wp","href":"https:\/\/api.w.org\/{rel}","templated":true}]}}